st common factor of 12 and t.
6
Suppose -5*y = 14 - 4. Let b be 6/(-9)*45/y. What is the highest common factor of 15 and b?
15
Let h(q) = -9*q**2 + q - 3 - 2*q + 21*q**2. Let c(s) = -2*s**2 + 2*s + 1. Let d be c(2). Let x be h(d). What is the greatest common factor of 12 and x?
12
Let p be 6/4*(-8)/(-12). What is the highest common factor of p and 1?
1
Let c be (-2 - -10) + -3 + 2. Suppose 0 = -4*i + 3*i + o + 7, -i - 2*o + c = 0. Let u be 147/(-3)*(-2)/2. Calculate the highest common factor of u and i.
7
Let f = 20 - 7. Let z(y) = 2*y**2 - 2*y + 5. Let t be z(6). Calculate the highest common divisor of t and f.
13
Suppose 0 = -2*m + 19 - 3. Suppose -c + m = n, 37 + 12 = 5*n + 2*c. What is the highest common divisor of 121 and n?
11
Let p be ((-2)/5)/(4/(-440)). What is the highest common factor of p and 4?
4
Let x be (-3)/(20/7 - 3). Let q = 41 - x. Calculate the highest common divisor of 160 and q.
20
Suppose 0*y - 2*y = 22. Let g = y + 22. What is the greatest common divisor of g and 33?
11
Let y = -12 + 17. Suppose 6*a - 2*a + y*h - 34 = 0, -5*h - 2 = -2*a. Suppose -a*l + l = -75. What is the greatest common factor of l and 75?
15
Let s = 47 + -27. Suppose -4*t + 85 = -o, -3*t = -o - 45 - s. Calculate the greatest common divisor of 30 and t.
10
Let d = -10 - -16. Let u be -15*((-28)/d + 1). What is the highest common factor of u and 5?
5
Suppose 4*m - 25 = -p, -p - p = 2*m - 20. What is the greatest common divisor of 1 and m?
1
Let k = 187 - 142. What is the greatest common factor of k and 405?
45
Let z be 1 - (-38)/1 - -1. Let t be ((-1)/(-2))/(4/z). What is the greatest common divisor of t and 45?
5
Let i(m) = 2*m + 2. Let x be i(2). Calculate the highest common divisor of 6 and x.
6
Let i(q) = 10*q + 20. Let n be i(2). What is the greatest common factor of n and 5?
5
Let z(c) = 2*c**2 + 2*c. Let w be z(-3). Let a = -16 + 5. Let n be 7/1*(1 - a). What is the greatest common divisor of w and n?
12
Let i = 1 + 5. Suppose 0 = x + 5*b - i, 0 = -b + 2*b. Calculate the highest common factor of 6 and x.
6
Suppose 5*i - 11 = -x, -4*i = -i - 2*x - 17. Suppose -i*b = -4*o - 10, -5*o - 25 = -b - 4*b. Calculate the greatest common factor of b and 5.
5
Let c(s) = s**2 + 6*s. Let b be c(-7). Suppose g - 1 = -4*m, 4*m - g + 5 = -4*g. What is the greatest common divisor of b and m?
1
Suppose 3*n - 3 = -4*o, 0 = 2*n - 5*n + 15. Let f(d) = -37*d + 4. Let l be f(o). What is the greatest common factor of l and 23?
23
Suppose -5*d + 0*l = -3*l - 189, 2*d - 4*l - 70 = 0. Calculate the greatest common divisor of 26 and d.
13
Let r(q) = -6 + 4*q - q + 3 - 3. Let p be r(5). What is the highest common divisor of p and 6?
3
Suppose 1 = -h, h = -7*q + 2*q + 9. Suppose -3*z - 2*m = -1, -q*m = -z - 4*z + 23. Calculate the highest common divisor of 3 and z.
3
Suppose 18*t = 17*t + 38. Calculate the greatest common divisor of t and 114.
38
Let a(g) = -g**3 + 5*g**2 - 3*g - 1. Let c be a(4). Suppose w = -c*w + 12. What is the greatest common divisor of w and 12?
3
Suppose 2*s - 6 = 36. Calculate the greatest common factor of 7 and s.
7
Let a be (-1)/(-2 + 102/52). Calculate the greatest common divisor of 13 and a.
13
Let a(q) = 12*q + 5. Let o be a(4). Let r = -8 + o. Let j(g) = 2*g**2 - 5*g + 6. Let u be j(4). Calculate the greatest common divisor of r and u.
9
Let f be 1/((-1)/9*2/(-30)). What is the greatest common factor of f and 15?
15
Suppose 4*c = -3*b + 258, 3*c + 2*b = -c + 256. What is the greatest common divisor of 42 and c?
21
Let r(o) = -4 + 6 + 0 + 13*o + 4. Let k(s) = 5*s + 1. Let x be k(1). Let f be r(x). What is the highest common factor of f and 12?
12
Let s(a) = a - 4. Let c be s(2). Let p = c - -3. What is the greatest common factor of p and 11?
1
Let q = -8 - -14. Let f(a) = -47*a**3 + a**2 + a + 1. Let u be f(-1). What is the greatest common factor of u and q?
6
Let s(c) = c**3 + 8*c**2 - 7*c - 6. Let v be s(-8). Let a = -1 - -21. Calculate the greatest common factor of a and v.
10
Suppose -78*s + 825 = -73*s. Calculate the greatest common divisor of s and 15.
15
Suppose 5*x + 8 = 3*x. Let g be (x/(-6))/((-8)/(-204)). What is the greatest common divisor of 51 and g?
17
Let c(t) = 3*t**2 + 8*t - 79. Let i(g) = g**2 + 3*g - 26. Let d(q) = -4*c(q) + 11*i(q). Let z be d(0). Calculate the highest common factor of 6 and z.
6
Suppose -2*i = -7*i. Suppose -o - 2*l + 4*l = -30, -o + 5*l + 30 = i. Calculate the highest common divisor of o and 6.
6
Suppose 77 + 181 = 3*q + 3*o, -454 = -5*q + o. Let w be (19/3)/(1/(-3)). Let s = -10 - w. Calculate the highest common factor of q and s.
9
Suppose 0*f - 16 = -2*f. Suppose l - 3*u = -f*u - 19, -5 = u. Let y = 64 - 40. What is the greatest common factor of y and l?
6
Let m be 18*((-20)/6 + 2). Let d = -8 - m. Let o be (-2 - 0) + d + -2. What is the highest common factor of 8 and o?
4
Suppose -2*r = 4*b + 2*r - 232, 2*r + 304 = 5*b. What is the greatest common divisor of 12 and b?
12
Let i be 12/9*(2 - -40). Let c be (-1)/4 + 66/8. What is the highest common divisor of i and c?
8
Suppose 8*u - 94 = 98. Calculate the highest common factor of 120 and u.
24
Let c = 40 - 20. Suppose -4*m + 22 = -o, 0 = -4*m + 2*o + 25 - 1. Calculate the greatest common factor of m and c.
5
Let f(h) = -h + 81. Let y be f(0). What is the greatest common factor of 9 and y?
9
Suppose 5*p + 162 = 1397. Calculate the highest common factor of 19 and p.
19
Let y be (-296)/(-10) + (-4)/(-10). Calculate the greatest common factor of 15 and y.
15
Suppose 2*x + 4 = 5*b, -b = 4*x + x - 17. What is the greatest common factor of b and 18?
2
Suppose -q + 2*q = 5*d + 55, -188 = -4*q + 4*d. Suppose 3*p + 0*p - 27 = 0. Calculate the highest common divisor of q and p.
9
Suppose 2*h - 13 = -5. Calculate the greatest common factor of 16 and h.
4
Suppose -2*c - 4 + 36 = 0. Suppose c = 4*l - 0. Suppose -l*b - w + 20 = 0, -b = -0*b + w - 8. What is the highest common divisor of b and 12?
4
Suppose -a + 4*a = 2*w + 14, 0 = -5*w - 20. What is the highest common divisor of a and 44?
2
Let h be (4/(-6))/((-4)/330). What is the highest common divisor of h and 22?
11
Suppose 4*n = 4*z, z = 3*n - 0 - 4. Suppose -4*u + 7 = -2*d - 13, -z*d - 24 = -5*u. Let f = d + 14. What is the greatest common factor of f and 24?
12
Suppose -3*k + 129 = 5*w, -38 = -k - w + 3. Suppose k = m + 11. Let i(l) = l**2 - l - 3. Let c be i(3). Calculate the greatest common divisor of c and m.
3
Suppose 3*m + 0 = -2*o - 13, -2*m - 14 = 4*o. Let b = 2 + m. Let x be ((-21)/12 - b)*-56. Calculate the greatest common divisor of x and 63.
21
Let x be -1 + ((-51)/(-3) - (-4 + 3)). What is the greatest common divisor of x and 17?
17
Let z = -37 - -52. Let u be 177 - 16 - (2 + -6). Calculate the greatest common divisor of z and u.
15
Suppose -3*u - 2 = 4*m, -4*u = u - 5*m - 55. Suppose v - u*v = -20. Let j be (-27)/45 + (-23)/(-5). What is the greatest common divisor of v and j?
4
Let j(r) = -7*r - 71. Let y be j(-17). Suppose -16 = 4*t, -4*t = 2*z - 2*t - 136. Calculate the highest common divisor of y and z.
24
Let r = 7 + -5. Suppose p + 4*p = 2*h, 0 = r*h. Suppose p = -2*c - 8, -5*y - 2*c + 183 = -19. Calculate the highest common factor of 14 and y.
14
Let w be 2/3 + (-11)/((-231)/1162). Calculate the greatest common divisor of 8 and w.
8
Let v = 59 + 57. Suppose 2*f - v = -2*f. What is the greatest common divisor of 29 and f?
29
Let a = 8 - 3. Let y(p) = p**2 - 4*p + 6. Let u be y(a). Suppose 7*i - u*i = -64. Calculate the highest common divisor of 24 and i.
8
Suppose 16 + 47 = 3*y. Let r = 21 + y. Calculate the greatest common factor of r and 6.
6
Let u(c) = -c**3 + 9*c**2 + c + 3. Let j be u(8). Suppose -2*a = -7*a + j. Let h be 145/a + (-2)/3. What is the greatest common factor of 27 and h?
9
Let t = -3 - -7. Suppose -5*q = -5*m + 17 + 3, m = -4*q + t. Suppose 0 = 7*j - 3*j - 8. Calculate the greatest common factor of j and m.
2
Let q(i) = -6*i**2 - i - 1. Let s be q(-1). Let u be -4*((-27)/s)/(-1). Calculate the highest common factor of 27 and u.
9
Let p be (18/(-24))/(0 + (-1)/16). Calculate the greatest common divisor of p and 8.
4
Suppose 0 = -4*t + 3*m - 0*m - 62, -4*t = 2*m + 72. Let y = t - -53. What is the highest common factor of y and 4?
4
Suppose -15*o + 21*o = 48. What is the hi